(c) = 5680*c**3 - 6*c**2 - 6*c + 11. Is f(3) a composite number?
True
Suppose -80*q = 74*q - 14311969 - 17877265. Is q a composite number?
False
Let d(h) = h**3 - 11*h**2 + 17*h + 11. Let p be d(9). Suppose 5*c - 2942 = -r, 0 = p*c - 6. Is r composite?
False
Suppose t - w = 6, 5*w + 0*w - 12 = -2*t. Suppose 12*x = t*x + 12. Suppose 5*p - 4*q - 2635 = x*p, 5 = -5*q. Is p composite?
False
Let d = 319 - 323. Let g(z) = -16*z**3 + 2*z**2 - 7*z + 3. Is g(d) composite?
False
Suppose -74*l - 38*l = -43808912. Is l a composite number?
False
Let c = -39 - -44. Suppose -2 = -c*x - 2*u, 2*x - 7*x - 4 = -4*u. Suppose -o = x, 5*a + 2*o + 2*o - 1465 = 0. Is a a composite number?
False
Let s(i) = 136 + 579 + 646 + 2*i**3 - 3*i**2 - 4*i + 2*i - 112. Is s(0) composite?
False
Let g be ((0/(-1))/3)/2. Let x(u) = 812 - 1586*u - 1582*u - 1580*u - 225 + 4744*u. Is x(g) prime?
True
Let p = -90404 - -166009. Is p composite?
True
Let t = -219 + 224. Suppose -3*a + t*q = 8092 - 71110, a - 20986 = -5*q. Is a a prime number?
True
Let c = -612031 - -2402349. Is c a composite number?
True
Let j = -26075 - -44284. Let k = j + -12454. Is k a prime number?
False
Suppose -137653 = -112*l + 2547771. Is l a composite number?
False
Let v = 804198 + -219121. Is v a composite number?
False
Let t(c) = -4*c**3 - 20*c**2 - 25*c - 14. Let s(q) = 7*q**3 + 41*q**2 + 51*q + 29. Let a(f) = 3*s(f) + 5*t(f). Is a(-16) a composite number?
False
Let o = -87756 + 149399. Is o composite?
False
Suppose -3*o = -j - 142, -4*o - 6*j + 184 = -2*j. Suppose 40*z + 28217 = o*z. Is z a composite number?
True
Let k be (-38)/57 - 94/(-6). Suppose k*q + x - 18481 = 11*q, x + 4624 = q. Is q a composite number?
False
Suppose -2*t - 28 = -4*m - 6, -m + 5*t + 19 = 0. Suppose 5 = 4*a + 3*j, 2*a - 4*j = -10 - m. Is (-2826)/12*(5/(-3) - a) a composite number?
False
Let u = 369095 + -133660. Is u a prime number?
False
Let t(u) = 43*u**2 + 45*u + 909. Is t(-25) prime?
False
Let j = -20755 + 116666. Is j prime?
True
Is ((-207327337)/(-669))/((-14)/(-6)) composite?
False
Suppose 0 = -3*p + 2*t + 996119, 182*p - 178*p - 1328151 = -5*t. Is p composite?
False
Suppose 277300538 + 212483580 = 143*u - 120576633. Is u prime?
False
Let t = 15 + -17. Let w be (-13)/(-39) + t/6. Suppose w = -u - 5*x + 112 + 35, x = 2*u - 316. Is u a prime number?
True
Let q be 1 + (12/4 - 3). Suppose z + 0 = -q. Let b(x) = -1213*x - 6. Is b(z) prime?
False
Let t(g) be the third derivative of -g**7/2520 + 499*g**6/720 - 9*g**5/20 + 9*g**2. Let b(k) be the third derivative of t(k). Is b(0) a prime number?
True
Let y(j) = 8*j**2 + 11*j - 4. Let m = -88 - -93. Is y(m) a prime number?
True
Suppose -5 = -l - 2*w, -5*l + 2*w - 4 = -5. Let u be l*2 - 14/(-11 + 4). Suppose r - 2*q = -3*r + 948, -q = -u*r + 952. Is r a prime number?
True
Let j(y) = 115*y**3 + 15*y**2 - 5*y - 148. Is j(9) prime?
True
Suppose -25*d + 2275 = -18*d. Let a = -116 + d. Is a composite?
True
Let v = -6581 - -12859. Suppose a - 4*k = 10995, a - 5*k - v = 4718. Is a composite?
True
Suppose 19*t - 23*t + 245503 - 6339 = 0. Is t a prime number?
True
Suppose 0 = 25*i - 22*i - 28698. Let v = 16205 - i. Is v a prime number?
False
Suppose 3*b - 4*b + 2*h = -12, 12 = 2*b - h. Suppose b*l - f + 16247 = 53202, l - 9242 = -3*f. Is l a prime number?
True
Suppose -506*p = -514*p + 158888. Is p composite?
False
Let p(q) = -q**2 + 12*q + 17. Let w be p(15). Let t = 185 + w. Let h = -60 + t. Is h a prime number?
True
Let k = -731 - 1187. Let g = -183 - k. Is g composite?
True
Let q(j) = -34*j**3 - 4*j**2 + 31*j + 154. Let u be q(-7). Suppose -2400 = 5*p + l - u, -5*p + 8997 = 4*l. Is p composite?
False
Suppose 1380578 = 2*o - 5*u, 27*o - 2*u - 11693264 = 6944015. Is o a composite number?
False
Is 1*(56/(-49))/8 - (-3425094)/7 prime?
True
Let b(z) = z**3 - 9*z**2 + 16*z - 8. Let d = 7 + 0. Let s be b(d). Suppose 3*o = 747 + s. Is o a composite number?
False
Let v(z) = 7 + 2 + 40*z - 37*z. Let n be v(6). Is -1 + (2936 - (-9)/(n/12)) prime?
True
Let h = 109387 - -98902. Is h a composite number?
True
Let b(m) = 1627*m**2 + 228*m - 2580. Is b(11) a prime number?
False
Let b(y) = y**3 + 9*y**2 + 45*y + 21. Suppose 4*x = -2*v + 56, -3*x = -0*v + 3*v - 84. Is b(v) a composite number?
True
Suppose 32*b + 13*b = -31*b + 427348. Is b a prime number?
True
Suppose 0 = 5*m + 1179 - 1224. Suppose 10*z + 3*p = m*z + 22909, -68747 = -3*z - 4*p. Is z composite?
False
Suppose -4417062 = -1088*m + 1010*m. Is m a composite number?
False
Let s(p) = 510124*p**2 - 17*p + 9. Is s(-2) composite?
False
Suppose -12*q + 24 = -0. Suppose -s + q*s + 1277 = m, 2*m - s = 2550. Is m a composite number?
True
Suppose 2*s - b = 11837 + 8099, -19926 = -2*s - 4*b. Suppose -4*f + s - 1223 = 0. Is f a prime number?
False
Suppose 5*v = -3*h - 2*h + 40, -v + 2*h = -5. Suppose -v*s + 5006 + 2911 = 0. Let j = s + -538. Is j a prime number?
True
Let i(z) = -49986*z + 173. Is i(-4) a composite number?
False
Let z be (-85)/(-25) + (-4)/10 + -1. Let n = -248 - -355. Suppose -n - z = -b. Is b a prime number?
True
Let a(r) = -5*r**2 - 9*r - 26. Let b(u) = 13*u**2 + 15*u + 51. Let x(n) = 5*a(n) + 3*b(n). Let w be ((-55)/20)/((-1)/4). Is x(w) a prime number?
False
Is ((-15)/(-13) - 112/728)*13669 composite?
False
Let b be 40/(1*2)*(-5 + 4). Let s = 20 + b. Suppose s = 2*g + 3*j - 3092, 3*g + 3*j - 4737 + 102 = 0. Is g prime?
True
Let z(h) = -8*h + 8*h**2 - 2 - 24*h**2 + 5*h**3 + 15*h**2. Let q be z(6). Let b = q + -575. Is b a prime number?
True
Let b be (-12)/(-30) - 8/20. Suppose 16 = -p + 5*h - h, -3*p + 4*h - 88 = b. Is ((-12)/p)/((-1)/(-6585)) a prime number?
False
Let k(z) = -2*z**3 - z**2 - z + 1. Let g be k(1). Let j be 1/(-3) + 0 - (-17)/g. Let o(v) = -105*v + 3. Is o(j) a prime number?
False
Let t(o) = 12313*o - 167. Is t(4) a prime number?
False
Let j = 65162 + -13555. Is j a composite number?
False
Let k(v) = -94*v - 168. Let y be k(12). Suppose -4*d - 7541 = 1655. Let x = y - d. Is x composite?
True
Is 3/9*(26 - 8) - -84139 a prime number?
False
Let j = 16929 - -19928. Is j prime?
True
Let q = -15 - -17. Suppose q*o - 12 = -4*o. Suppose 4*u + 8 = 0, 108 + 20 = o*p + 3*u. Is p a composite number?
False
Suppose 11*t - 2*t = 70*t - 58845419. Is t prime?
True
Let s(p) = 15319*p**2 + 1549*p + 3. Is s(10) prime?
False
Suppose -4*j + 5*g + 38 = 0, -j + 30*g - 33*g = -18. Suppose -j*w = -3*h - 9*w + 13791, 2*h - 5*w - 9206 = 0. Is h a composite number?
True
Suppose -1336 = -4*l + 216. Suppose 1023 = -3*x + 3*c, 26*x = 27*x - 2*c + 337. Let h = l - x. Is h a prime number?
True
Let w(t) = -3*t**3 - t**2 + 13*t - 13. Let u be w(7). Let c = 1768 + u. Suppose 2*l - 3*x = -x + 386, -4*l = -2*x - c. Is l prime?
True
Let z be (-8)/(-3) + (-12)/18. Let w be (-6)/z*((-8)/(-12) + 1). Is (-1 + 822/4)/(w/(-10)) prime?
True
Suppose 0 = -z + l + 24437, 565*z - 2*l = 562*z + 73313. Is z prime?
True
Suppose -5*s + 38*v = 42*v - 1639589, 3*v - 3 = 0. Is s composite?
False
Let y = 6842 - 10803. Let h = 9360 + y. Is h a composite number?
False
Let q be (-20)/(-4) - (-8)/(-2). Is (-2923 + q)*((-88)/(-16))/(-11) prime?
False
Suppose -45*u + 68979 = -41*u + 5*f, 68980 = 4*u + 4*f. Is u composite?
True
Let h = 148 + -140. Suppose -h*c = -19*c + 57827. Is c a prime number?
False
Suppose 0 = -93*r - 17391 + 79980. Is r composite?
False
Let z = 502 - 275. Let g = z + -156. Is g a prime number?
True
Suppose -4*o = 2*t - 0*t - 190, 4*t - 5*o - 445 = 0. Suppose 97*s = t*s - 31912. Is s composite?
False
Suppose 50 = 4*g + 2*o - 0*o, -3*g = 2*o - 37. Let v(y) = 320*y + 167. Is v(g) prime?
True
Let u be 6/(-63) - (1020/(-126) + 6). Suppose 830 = u*b + 72. Is b a composite number?
False
Suppose -2*w - 5*f = -85000 + 8897, -38044 = -w + 5*f. Suppose 28529 = 3*i + 4*h, 5*h + w = 9*i - 5*i. Is i prime?
True
Suppose 5*m - 68*d + 70*d = 298431, -5*m + 298441 = -3*d. Is m a prime number?
False
Let h be 18 + -20 + (-2 - 0). Let u(f) = 4*f**2 + 2*f - 1. Is u(h) a composite number?
True
Let d = -61 - -70. Let q(p) = 1032*p + 23. Is q(d) a composite number?
False
Let n(v) = 21*v**2 + 49*v + 251. Is n(30) composite?
True
Let u(w) = 10663*w**2 + 26*w + 146. Is u(-6) composite?
True
Let h(m) = -10*m**3 - m**2 - 7*m - 2. Let t be h(9). Let j = 2429 - t. Is j prime?
False
Suppose -3*g 